{"id":2,"date":"2026-02-22T10:04:41","date_gmt":"2026-02-22T10:04:41","guid":{"rendered":"https:\/\/neu.bo-fuerstenwalde.de\/?page_id=2"},"modified":"2026-02-22T11:36:38","modified_gmt":"2026-02-22T11:36:38","slug":"sample-page","status":"publish","type":"page","link":"https:\/\/neu.bo-fuerstenwalde.de\/","title":{"rendered":"Start"},"content":{"rendered":"\n<p>Seit&nbsp;September 2025 ist&nbsp;<strong>Sebastian Ludwig &#8211; Di Salvatore<\/strong>&nbsp;neuer Dirigent und musikalischer Leiter des Orchesters.<br>Wir freuen uns \u00fcber die Zusammenarbeit.<br><em><strong>Kurzvita:<\/strong>&nbsp;<a href=\"https:\/\/www.bo-fuerstenwalde.de\/orchester\/dirigenten\">bo-fuerstenwalde.de\/orchester\/dirigenten&#8230;<\/a><\/em><\/p>\n\n\n\n<p><br><em><a href=\"https:\/\/www.bo-fuerstenwalde.de\/orchester\/proben-anfahrt\">Proben und Anfahrt&#8230;<\/a><\/em><\/p>\n\n\n\n<p><strong>Bitte schon vormerken:<\/strong><br><br><strong>Stadtfest F\u00fcrstenwalde: Sonntag, 5. Juli 2026 &#8211; 12 Uhr<\/strong><\/p>\n\n\n\n<p><strong>Konzert des Orchesters auf der Hauptb\u00fchne der Stadt. Wir freuen uns \u00fcber<\/strong><\/p>\n\n\n\n<p><strong>viele Zuschauerinnen und Zuh\u00f6rer.<\/strong><\/p>\n","protected":false},"excerpt":{"rendered":"<p>Seit&nbsp;September 2025 ist&nbsp;Sebastian Ludwig &#8211; Di Salvatore&nbsp;neuer Dirigent und musikalischer Leiter des Orchesters.Wir freuen uns \u00fcber die Zusammenarbeit.Kurzvita:&nbsp;bo-fuerstenwalde.de\/orchester\/dirigenten&#8230; Proben und Anfahrt&#8230; Bitte schon vormerken: Stadtfest F\u00fcrstenwalde: Sonntag, 5. Juli 2026 &#8211; 12 Uhr Konzert des Orchesters auf der Hauptb\u00fchne der Stadt. Wir freuen uns \u00fcber viele Zuschauerinnen und Zuh\u00f6rer.<\/p>\n","protected":false},"author":1,"featured_media":0,"parent":0,"menu_order":0,"comment_status":"closed","ping_status":"open","template":"","meta":{"footnotes":""},"class_list":["post-2","page","type-page","status-publish","hentry"],"yoast_head":"<!-- This site is optimized with the Yoast SEO plugin v27.0 - https:\/\/yoast.com\/product\/yoast-seo-wordpress\/ -->\n<title>Start - 1. BGBMK<\/title>\n<meta name=\"robots\" content=\"index, follow, max-snippet:-1, max-image-preview:large, max-video-preview:-1\" \/>\n<link rel=\"canonical\" href=\"https:\/\/neu.bo-fuerstenwalde.de\/\" \/>\n<meta property=\"og:locale\" content=\"de_DE\" \/>\n<meta property=\"og:type\" content=\"article\" \/>\n<meta property=\"og:title\" content=\"Start - 1. BGBMK\" \/>\n<meta property=\"og:description\" content=\"Seit&nbsp;September 2025 ist&nbsp;Sebastian Ludwig &#8211; Di Salvatore&nbsp;neuer Dirigent und musikalischer Leiter des Orchesters.Wir freuen uns \u00fcber die Zusammenarbeit.Kurzvita:&nbsp;bo-fuerstenwalde.de\/orchester\/dirigenten&#8230; Proben und Anfahrt&#8230; Bitte schon vormerken: Stadtfest F\u00fcrstenwalde: Sonntag, 5. Juli 2026 &#8211; 12 Uhr Konzert des Orchesters auf der Hauptb\u00fchne der Stadt. Wir freuen uns \u00fcber viele Zuschauerinnen und Zuh\u00f6rer.\" \/>\n<meta property=\"og:url\" content=\"https:\/\/neu.bo-fuerstenwalde.de\/\" \/>\n<meta property=\"og:site_name\" content=\"1. BGBMK\" \/>\n<meta property=\"article:modified_time\" content=\"2026-02-22T11:36:38+00:00\" \/>\n<meta name=\"twitter:card\" content=\"summary_large_image\" \/>\n<meta name=\"twitter:label1\" content=\"Gesch\u00e4tzte Lesezeit\" \/>\n\t<meta name=\"twitter:data1\" content=\"1\u00a0Minute\" \/>\n<script type=\"application\/ld+json\" class=\"yoast-schema-graph\">{\"@context\":\"https:\/\/schema.org\",\"@graph\":[{\"@type\":\"WebPage\",\"@id\":\"https:\/\/neu.bo-fuerstenwalde.de\/\",\"url\":\"https:\/\/neu.bo-fuerstenwalde.de\/\",\"name\":\"Start - 1. BGBMK\",\"isPartOf\":{\"@id\":\"https:\/\/neu.bo-fuerstenwalde.de\/#website\"},\"datePublished\":\"2026-02-22T10:04:41+00:00\",\"dateModified\":\"2026-02-22T11:36:38+00:00\",\"breadcrumb\":{\"@id\":\"https:\/\/neu.bo-fuerstenwalde.de\/#breadcrumb\"},\"inLanguage\":\"de\",\"potentialAction\":[{\"@type\":\"ReadAction\",\"target\":[\"https:\/\/neu.bo-fuerstenwalde.de\/\"]}]},{\"@type\":\"BreadcrumbList\",\"@id\":\"https:\/\/neu.bo-fuerstenwalde.de\/#breadcrumb\",\"itemListElement\":[{\"@type\":\"ListItem\",\"position\":1,\"name\":\"Start\",\"item\":\"https:\/\/neu.bo-fuerstenwalde.de\/\"},{\"@type\":\"ListItem\",\"position\":2,\"name\":\"Start\"}]},{\"@type\":\"WebSite\",\"@id\":\"https:\/\/neu.bo-fuerstenwalde.de\/#website\",\"url\":\"https:\/\/neu.bo-fuerstenwalde.de\/\",\"name\":\"1. BGBMK\",\"description\":\"\",\"potentialAction\":[{\"@type\":\"SearchAction\",\"target\":{\"@type\":\"EntryPoint\",\"urlTemplate\":\"https:\/\/neu.bo-fuerstenwalde.de\/?s={search_term_string}\"},\"query-input\":{\"@type\":\"PropertyValueSpecification\",\"valueRequired\":true,\"valueName\":\"search_term_string\"}}],\"inLanguage\":\"de\"}]}<\/script>\n<!-- \/ Yoast SEO plugin. -->","yoast_head_json":{"title":"Start - 1. BGBMK","robots":{"index":"index","follow":"follow","max-snippet":"max-snippet:-1","max-image-preview":"max-image-preview:large","max-video-preview":"max-video-preview:-1"},"canonical":"https:\/\/neu.bo-fuerstenwalde.de\/","og_locale":"de_DE","og_type":"article","og_title":"Start - 1. BGBMK","og_description":"Seit&nbsp;September 2025 ist&nbsp;Sebastian Ludwig &#8211; Di Salvatore&nbsp;neuer Dirigent und musikalischer Leiter des Orchesters.Wir freuen uns \u00fcber die Zusammenarbeit.Kurzvita:&nbsp;bo-fuerstenwalde.de\/orchester\/dirigenten&#8230; Proben und Anfahrt&#8230; Bitte schon vormerken: Stadtfest F\u00fcrstenwalde: Sonntag, 5. Juli 2026 &#8211; 12 Uhr Konzert des Orchesters auf der Hauptb\u00fchne der Stadt. Wir freuen uns \u00fcber viele Zuschauerinnen und Zuh\u00f6rer.","og_url":"https:\/\/neu.bo-fuerstenwalde.de\/","og_site_name":"1. BGBMK","article_modified_time":"2026-02-22T11:36:38+00:00","twitter_card":"summary_large_image","twitter_misc":{"Gesch\u00e4tzte Lesezeit":"1\u00a0Minute"},"schema":{"@context":"https:\/\/schema.org","@graph":[{"@type":"WebPage","@id":"https:\/\/neu.bo-fuerstenwalde.de\/","url":"https:\/\/neu.bo-fuerstenwalde.de\/","name":"Start - 1. BGBMK","isPartOf":{"@id":"https:\/\/neu.bo-fuerstenwalde.de\/#website"},"datePublished":"2026-02-22T10:04:41+00:00","dateModified":"2026-02-22T11:36:38+00:00","breadcrumb":{"@id":"https:\/\/neu.bo-fuerstenwalde.de\/#breadcrumb"},"inLanguage":"de","potentialAction":[{"@type":"ReadAction","target":["https:\/\/neu.bo-fuerstenwalde.de\/"]}]},{"@type":"BreadcrumbList","@id":"https:\/\/neu.bo-fuerstenwalde.de\/#breadcrumb","itemListElement":[{"@type":"ListItem","position":1,"name":"Start","item":"https:\/\/neu.bo-fuerstenwalde.de\/"},{"@type":"ListItem","position":2,"name":"Start"}]},{"@type":"WebSite","@id":"https:\/\/neu.bo-fuerstenwalde.de\/#website","url":"https:\/\/neu.bo-fuerstenwalde.de\/","name":"1. BGBMK","description":"","potentialAction":[{"@type":"SearchAction","target":{"@type":"EntryPoint","urlTemplate":"https:\/\/neu.bo-fuerstenwalde.de\/?s={search_term_string}"},"query-input":{"@type":"PropertyValueSpecification","valueRequired":true,"valueName":"search_term_string"}}],"inLanguage":"de"}]}},"jetpack_sharing_enabled":true,"_links":{"self":[{"href":"https:\/\/neu.bo-fuerstenwalde.de\/index.php\/wp-json\/wp\/v2\/pages\/2","targetHints":{"allow":["GET"]}}],"collection":[{"href":"https:\/\/neu.bo-fuerstenwalde.de\/index.php\/wp-json\/wp\/v2\/pages"}],"about":[{"href":"https:\/\/neu.bo-fuerstenwalde.de\/index.php\/wp-json\/wp\/v2\/types\/page"}],"author":[{"embeddable":true,"href":"https:\/\/neu.bo-fuerstenwalde.de\/index.php\/wp-json\/wp\/v2\/users\/1"}],"replies":[{"embeddable":true,"href":"https:\/\/neu.bo-fuerstenwalde.de\/index.php\/wp-json\/wp\/v2\/comments?post=2"}],"version-history":[{"count":3,"href":"https:\/\/neu.bo-fuerstenwalde.de\/index.php\/wp-json\/wp\/v2\/pages\/2\/revisions"}],"predecessor-version":[{"id":21,"href":"https:\/\/neu.bo-fuerstenwalde.de\/index.php\/wp-json\/wp\/v2\/pages\/2\/revisions\/21"}],"wp:attachment":[{"href":"https:\/\/neu.bo-fuerstenwalde.de\/index.php\/wp-json\/wp\/v2\/media?parent=2"}],"curies":[{"name":"wp","href":"https:\/\/api.w.org\/{rel}","templated":true}]}}