{"id":39,"date":"2026-02-22T11:48:31","date_gmt":"2026-02-22T11:48:31","guid":{"rendered":"https:\/\/neu.bo-fuerstenwalde.de\/?page_id=39"},"modified":"2026-02-22T11:48:32","modified_gmt":"2026-02-22T11:48:32","slug":"erfolge","status":"publish","type":"page","link":"https:\/\/neu.bo-fuerstenwalde.de\/index.php\/erfolge\/","title":{"rendered":"Erfolge"},"content":{"rendered":"\n<p>Auch unser Orchester misst sich gelegentlich musikalisch mit anderen Ensembles. Einerseits m\u00f6chten wir damit von Zeit zu Zeit die Qualit\u00e4t unserer musikalischen Arbeit vor einer Fachjury auf den Pr\u00fcfstand stellen. Zum anderen treten wir zum Wettbewerb nicht ohne Stolz als musikalischischer Botschafter der Stadt F\u00fcrstenwalde und unserer Region auf. Dass dies nicht unbegr\u00fcndet ist, zeigt eine kurze Auswahl unserer erspielten Pr\u00e4dikate.<\/p>\n\n\n\n<p><br>2015&nbsp;&nbsp;&nbsp;&nbsp; 7. Landesorchesterwettbewerb in Cottbus: Sehr guter Erfolg<br>2014&nbsp;&nbsp;&nbsp;&nbsp; Bundeswertungsspielen der Feuerwehrorchester in Bad Schwalbach: Hervorragender Erfolg, Goldmedaille<br>2011&nbsp;&nbsp;&nbsp;&nbsp; Landeswertungsspielen der Feuerwehrorchester in Beelitz: Hervorragender Erfolg<br>2011&nbsp;&nbsp;&nbsp;&nbsp; 6. Landesorchesterwettbewerb in Cottbus: Guter Erfolg<br>2008&nbsp;&nbsp;&nbsp;&nbsp; 16. Uckerm\u00e4rkische Blasmusiktage in Angerm\u00fcnde: Sehr guter Erfolg<br>2007&nbsp;&nbsp;&nbsp;&nbsp; 5. Landesorchesterwettbewerb Cottbus: Sehr guter Erfolg<br>2006&nbsp;&nbsp;&nbsp;&nbsp; Landesmusikfest der Feuerwehr: Hervorragender Erfolg<br>2005&nbsp;&nbsp;&nbsp;&nbsp; Bundeswertungsspielen der Feuerwehrorchester in Alsfeld: Goldmedaille<br>2004&nbsp;&nbsp;&nbsp;&nbsp; Deutscher Orchesterwettbewerb in Osnabr\u00fcck: Guter Erfolg<br>2003&nbsp;&nbsp;&nbsp;&nbsp; Landesorchesterwettbewerb in Cottbus: Sehr guter Erfolg<br>2003&nbsp;&nbsp;&nbsp;&nbsp; 3. Landeswettbewerb der Feuerwehr in Sonnenwalde: Hervorragender Erfolg<br>2002&nbsp;&nbsp;&nbsp;&nbsp; Spreew\u00e4lder Blasmusikfest in Vetschau: Sehr guter Erfolg<br>2001&nbsp;&nbsp;&nbsp;&nbsp; 2. Landeswettbewerb der Feuerwehr in L\u00f6wenberg: Hervorragender Erfolg<br>2000&nbsp;&nbsp;&nbsp;&nbsp; Landesmusikfest NRW in M\u00f6nchengladbach: 1. Rang mit Auszeichnung<br>2000&nbsp;&nbsp;&nbsp;&nbsp; Bundeswettbewerb der Feuerwehr in Augsburg: Goldmedaille<\/p>\n","protected":false},"excerpt":{"rendered":"<p>Auch unser Orchester misst sich gelegentlich musikalisch mit anderen Ensembles. Einerseits m\u00f6chten wir damit von Zeit zu Zeit die Qualit\u00e4t unserer musikalischen Arbeit vor einer Fachjury auf den Pr\u00fcfstand stellen. Zum anderen treten wir zum Wettbewerb nicht ohne Stolz als musikalischischer Botschafter der Stadt F\u00fcrstenwalde und unserer Region auf. Dass dies nicht unbegr\u00fcndet ist, zeigt [&hellip;]<\/p>\n","protected":false},"author":1,"featured_media":0,"parent":0,"menu_order":0,"comment_status":"closed","ping_status":"closed","template":"","meta":{"footnotes":""},"class_list":["post-39","page","type-page","status-publish","hentry"],"yoast_head":"<!-- This site is optimized with the Yoast SEO plugin v27.0 - https:\/\/yoast.com\/product\/yoast-seo-wordpress\/ -->\n<title>Erfolge - 1. BGBMK<\/title>\n<meta name=\"robots\" content=\"index, follow, max-snippet:-1, max-image-preview:large, max-video-preview:-1\" \/>\n<link rel=\"canonical\" href=\"https:\/\/neu.bo-fuerstenwalde.de\/index.php\/erfolge\/\" \/>\n<meta property=\"og:locale\" content=\"de_DE\" \/>\n<meta property=\"og:type\" content=\"article\" \/>\n<meta property=\"og:title\" content=\"Erfolge - 1. BGBMK\" \/>\n<meta property=\"og:description\" content=\"Auch unser Orchester misst sich gelegentlich musikalisch mit anderen Ensembles. Einerseits m\u00f6chten wir damit von Zeit zu Zeit die Qualit\u00e4t unserer musikalischen Arbeit vor einer Fachjury auf den Pr\u00fcfstand stellen. Zum anderen treten wir zum Wettbewerb nicht ohne Stolz als musikalischischer Botschafter der Stadt F\u00fcrstenwalde und unserer Region auf. Dass dies nicht unbegr\u00fcndet ist, zeigt [&hellip;]\" \/>\n<meta property=\"og:url\" content=\"https:\/\/neu.bo-fuerstenwalde.de\/index.php\/erfolge\/\" \/>\n<meta property=\"og:site_name\" content=\"1. BGBMK\" \/>\n<meta property=\"article:modified_time\" content=\"2026-02-22T11:48:32+00:00\" \/>\n<meta name=\"twitter:card\" content=\"summary_large_image\" \/>\n<script type=\"application\/ld+json\" class=\"yoast-schema-graph\">{\"@context\":\"https:\/\/schema.org\",\"@graph\":[{\"@type\":\"WebPage\",\"@id\":\"https:\/\/neu.bo-fuerstenwalde.de\/index.php\/erfolge\/\",\"url\":\"https:\/\/neu.bo-fuerstenwalde.de\/index.php\/erfolge\/\",\"name\":\"Erfolge - 1. BGBMK\",\"isPartOf\":{\"@id\":\"https:\/\/neu.bo-fuerstenwalde.de\/#website\"},\"datePublished\":\"2026-02-22T11:48:31+00:00\",\"dateModified\":\"2026-02-22T11:48:32+00:00\",\"breadcrumb\":{\"@id\":\"https:\/\/neu.bo-fuerstenwalde.de\/index.php\/erfolge\/#breadcrumb\"},\"inLanguage\":\"de\",\"potentialAction\":[{\"@type\":\"ReadAction\",\"target\":[\"https:\/\/neu.bo-fuerstenwalde.de\/index.php\/erfolge\/\"]}]},{\"@type\":\"BreadcrumbList\",\"@id\":\"https:\/\/neu.bo-fuerstenwalde.de\/index.php\/erfolge\/#breadcrumb\",\"itemListElement\":[{\"@type\":\"ListItem\",\"position\":1,\"name\":\"Start\",\"item\":\"https:\/\/neu.bo-fuerstenwalde.de\/\"},{\"@type\":\"ListItem\",\"position\":2,\"name\":\"Erfolge\"}]},{\"@type\":\"WebSite\",\"@id\":\"https:\/\/neu.bo-fuerstenwalde.de\/#website\",\"url\":\"https:\/\/neu.bo-fuerstenwalde.de\/\",\"name\":\"1. BGBMK\",\"description\":\"\",\"potentialAction\":[{\"@type\":\"SearchAction\",\"target\":{\"@type\":\"EntryPoint\",\"urlTemplate\":\"https:\/\/neu.bo-fuerstenwalde.de\/?s={search_term_string}\"},\"query-input\":{\"@type\":\"PropertyValueSpecification\",\"valueRequired\":true,\"valueName\":\"search_term_string\"}}],\"inLanguage\":\"de\"}]}<\/script>\n<!-- \/ Yoast SEO plugin. -->","yoast_head_json":{"title":"Erfolge - 1. BGBMK","robots":{"index":"index","follow":"follow","max-snippet":"max-snippet:-1","max-image-preview":"max-image-preview:large","max-video-preview":"max-video-preview:-1"},"canonical":"https:\/\/neu.bo-fuerstenwalde.de\/index.php\/erfolge\/","og_locale":"de_DE","og_type":"article","og_title":"Erfolge - 1. BGBMK","og_description":"Auch unser Orchester misst sich gelegentlich musikalisch mit anderen Ensembles. Einerseits m\u00f6chten wir damit von Zeit zu Zeit die Qualit\u00e4t unserer musikalischen Arbeit vor einer Fachjury auf den Pr\u00fcfstand stellen. Zum anderen treten wir zum Wettbewerb nicht ohne Stolz als musikalischischer Botschafter der Stadt F\u00fcrstenwalde und unserer Region auf. Dass dies nicht unbegr\u00fcndet ist, zeigt [&hellip;]","og_url":"https:\/\/neu.bo-fuerstenwalde.de\/index.php\/erfolge\/","og_site_name":"1. BGBMK","article_modified_time":"2026-02-22T11:48:32+00:00","twitter_card":"summary_large_image","schema":{"@context":"https:\/\/schema.org","@graph":[{"@type":"WebPage","@id":"https:\/\/neu.bo-fuerstenwalde.de\/index.php\/erfolge\/","url":"https:\/\/neu.bo-fuerstenwalde.de\/index.php\/erfolge\/","name":"Erfolge - 1. BGBMK","isPartOf":{"@id":"https:\/\/neu.bo-fuerstenwalde.de\/#website"},"datePublished":"2026-02-22T11:48:31+00:00","dateModified":"2026-02-22T11:48:32+00:00","breadcrumb":{"@id":"https:\/\/neu.bo-fuerstenwalde.de\/index.php\/erfolge\/#breadcrumb"},"inLanguage":"de","potentialAction":[{"@type":"ReadAction","target":["https:\/\/neu.bo-fuerstenwalde.de\/index.php\/erfolge\/"]}]},{"@type":"BreadcrumbList","@id":"https:\/\/neu.bo-fuerstenwalde.de\/index.php\/erfolge\/#breadcrumb","itemListElement":[{"@type":"ListItem","position":1,"name":"Start","item":"https:\/\/neu.bo-fuerstenwalde.de\/"},{"@type":"ListItem","position":2,"name":"Erfolge"}]},{"@type":"WebSite","@id":"https:\/\/neu.bo-fuerstenwalde.de\/#website","url":"https:\/\/neu.bo-fuerstenwalde.de\/","name":"1. BGBMK","description":"","potentialAction":[{"@type":"SearchAction","target":{"@type":"EntryPoint","urlTemplate":"https:\/\/neu.bo-fuerstenwalde.de\/?s={search_term_string}"},"query-input":{"@type":"PropertyValueSpecification","valueRequired":true,"valueName":"search_term_string"}}],"inLanguage":"de"}]}},"jetpack_sharing_enabled":true,"_links":{"self":[{"href":"https:\/\/neu.bo-fuerstenwalde.de\/index.php\/wp-json\/wp\/v2\/pages\/39","targetHints":{"allow":["GET"]}}],"collection":[{"href":"https:\/\/neu.bo-fuerstenwalde.de\/index.php\/wp-json\/wp\/v2\/pages"}],"about":[{"href":"https:\/\/neu.bo-fuerstenwalde.de\/index.php\/wp-json\/wp\/v2\/types\/page"}],"author":[{"embeddable":true,"href":"https:\/\/neu.bo-fuerstenwalde.de\/index.php\/wp-json\/wp\/v2\/users\/1"}],"replies":[{"embeddable":true,"href":"https:\/\/neu.bo-fuerstenwalde.de\/index.php\/wp-json\/wp\/v2\/comments?post=39"}],"version-history":[{"count":1,"href":"https:\/\/neu.bo-fuerstenwalde.de\/index.php\/wp-json\/wp\/v2\/pages\/39\/revisions"}],"predecessor-version":[{"id":40,"href":"https:\/\/neu.bo-fuerstenwalde.de\/index.php\/wp-json\/wp\/v2\/pages\/39\/revisions\/40"}],"wp:attachment":[{"href":"https:\/\/neu.bo-fuerstenwalde.de\/index.php\/wp-json\/wp\/v2\/media?parent=39"}],"curies":[{"name":"wp","href":"https:\/\/api.w.org\/{rel}","templated":true}]}}