{"id":41,"date":"2026-02-22T11:49:28","date_gmt":"2026-02-22T11:49:28","guid":{"rendered":"https:\/\/neu.bo-fuerstenwalde.de\/?page_id=41"},"modified":"2026-02-22T11:49:29","modified_gmt":"2026-02-22T11:49:29","slug":"foerderverein","status":"publish","type":"page","link":"https:\/\/neu.bo-fuerstenwalde.de\/index.php\/foerderverein\/","title":{"rendered":"F\u00f6rderverein"},"content":{"rendered":"\n<h2 class=\"wp-block-heading\">Unser F\u00f6rderverein&nbsp;<\/h2>\n\n\n\n<hr class=\"wp-block-separator has-alpha-channel-opacity\"\/>\n\n\n\n<h3 class=\"wp-block-heading\">F\u00f6rderverein I. Brandenburgisches Garde-Blasmusikkorps F\u00fcrstenwalde e.V.<\/h3>\n\n\n\n<p>Unser F\u00f6rderverein widmet sich gemeinn\u00fctzig folgenden Aufgaben:<\/p>\n\n\n\n<ul class=\"wp-block-list\">\n<li>Erhalt, F\u00f6rderung und Pflege der Blasmusik.<\/li>\n\n\n\n<li>Musikalische Ausbildung von Kindern und Jugendlichen.<\/li>\n\n\n\n<li>Sicherstellung regelm\u00e4\u00dfiger Probent\u00e4tigkeit.<\/li>\n\n\n\n<li>Finanzielle Unterst\u00fctzung des Orchesters.<\/li>\n\n\n\n<li>Organisation von und Mitwirkung an musikalischen Veranstaltungen, Treffen und Wettbewerben.<\/li>\n\n\n\n<li>Gemeinsame Freizeitgestaltung von Kinder und Jugendlichen.<\/li>\n<\/ul>\n\n\n\n<hr class=\"wp-block-separator has-alpha-channel-opacity\"\/>\n\n\n\n<p><strong>Anschrift:<\/strong><\/p>\n\n\n\n<p><strong>F\u00f6rderverein I. Brandenburgisches Garde-Blasmusikkorps F\u00fcrstenwalde e.V.<\/strong><br>Fiete-Schulze-Str. 5<br>15517 F\u00fcrstenwalde (Spree)<\/p>\n\n\n\n<p><strong>Email:&nbsp;<\/strong><a href=\"mailto:bg-bmk.org@gmx.de\">bg-bmk.org@gmx.de<\/a><\/p>\n\n\n\n<p><strong>Bankverbindung:<\/strong><\/p>\n\n\n\n<p>Sparkasse Oder-Spree&nbsp;<br>Konto-Nr.:&nbsp; 37 10 52 97 69<br>BLZ:&nbsp;&nbsp;&nbsp;&nbsp;&nbsp;&nbsp;&nbsp; &nbsp; 170 550 50&nbsp;<br>IBAN: &nbsp; &nbsp; &nbsp;&nbsp; DE53 1705 5050 3710 5297 69&nbsp;<br>BIC:&nbsp;&nbsp;&nbsp;&nbsp;&nbsp;&nbsp;&nbsp;&nbsp;&nbsp; WELADED1 LOS<\/p>\n\n\n\n<hr class=\"wp-block-separator has-alpha-channel-opacity\"\/>\n\n\n\n<p><strong>Unser F\u00f6rderverein freut sich \u00fcber jede Spende und musikalische oder anderweitige Unterst\u00fctzung des Orchesters!<\/strong><\/p>\n","protected":false},"excerpt":{"rendered":"<p>Unser F\u00f6rderverein&nbsp; F\u00f6rderverein I. Brandenburgisches Garde-Blasmusikkorps F\u00fcrstenwalde e.V. Unser F\u00f6rderverein widmet sich gemeinn\u00fctzig folgenden Aufgaben: Anschrift: F\u00f6rderverein I. Brandenburgisches Garde-Blasmusikkorps F\u00fcrstenwalde e.V.Fiete-Schulze-Str. 515517 F\u00fcrstenwalde (Spree) Email:&nbsp;bg-bmk.org@gmx.de Bankverbindung: Sparkasse Oder-Spree&nbsp;Konto-Nr.:&nbsp; 37 10 52 97 69BLZ:&nbsp;&nbsp;&nbsp;&nbsp;&nbsp;&nbsp;&nbsp; &nbsp; 170 550 50&nbsp;IBAN: &nbsp; &nbsp; &nbsp;&nbsp; DE53 1705 5050 3710 5297 69&nbsp;BIC:&nbsp;&nbsp;&nbsp;&nbsp;&nbsp;&nbsp;&nbsp;&nbsp;&nbsp; WELADED1 LOS Unser F\u00f6rderverein freut sich \u00fcber jede [&hellip;]<\/p>\n","protected":false},"author":1,"featured_media":0,"parent":0,"menu_order":0,"comment_status":"closed","ping_status":"closed","template":"","meta":{"footnotes":""},"class_list":["post-41","page","type-page","status-publish","hentry"],"yoast_head":"<!-- This site is optimized with the Yoast SEO plugin v27.0 - https:\/\/yoast.com\/product\/yoast-seo-wordpress\/ -->\n<title>F\u00f6rderverein - 1. BGBMK<\/title>\n<meta name=\"robots\" content=\"index, follow, max-snippet:-1, max-image-preview:large, max-video-preview:-1\" \/>\n<link rel=\"canonical\" href=\"https:\/\/neu.bo-fuerstenwalde.de\/index.php\/foerderverein\/\" \/>\n<meta property=\"og:locale\" content=\"de_DE\" \/>\n<meta property=\"og:type\" content=\"article\" \/>\n<meta property=\"og:title\" content=\"F\u00f6rderverein - 1. BGBMK\" \/>\n<meta property=\"og:description\" content=\"Unser F\u00f6rderverein&nbsp; F\u00f6rderverein I. Brandenburgisches Garde-Blasmusikkorps F\u00fcrstenwalde e.V. Unser F\u00f6rderverein widmet sich gemeinn\u00fctzig folgenden Aufgaben: Anschrift: F\u00f6rderverein I. Brandenburgisches Garde-Blasmusikkorps F\u00fcrstenwalde e.V.Fiete-Schulze-Str. 515517 F\u00fcrstenwalde (Spree) Email:&nbsp;bg-bmk.org@gmx.de Bankverbindung: Sparkasse Oder-Spree&nbsp;Konto-Nr.:&nbsp; 37 10 52 97 69BLZ:&nbsp;&nbsp;&nbsp;&nbsp;&nbsp;&nbsp;&nbsp; &nbsp; 170 550 50&nbsp;IBAN: &nbsp; &nbsp; &nbsp;&nbsp; DE53 1705 5050 3710 5297 69&nbsp;BIC:&nbsp;&nbsp;&nbsp;&nbsp;&nbsp;&nbsp;&nbsp;&nbsp;&nbsp; WELADED1 LOS Unser F\u00f6rderverein freut sich \u00fcber jede [&hellip;]\" \/>\n<meta property=\"og:url\" content=\"https:\/\/neu.bo-fuerstenwalde.de\/index.php\/foerderverein\/\" \/>\n<meta property=\"og:site_name\" content=\"1. BGBMK\" \/>\n<meta property=\"article:modified_time\" content=\"2026-02-22T11:49:29+00:00\" \/>\n<meta name=\"twitter:card\" content=\"summary_large_image\" \/>\n<meta name=\"twitter:label1\" content=\"Gesch\u00e4tzte Lesezeit\" \/>\n\t<meta name=\"twitter:data1\" content=\"1\u00a0Minute\" \/>\n<script type=\"application\/ld+json\" class=\"yoast-schema-graph\">{\"@context\":\"https:\/\/schema.org\",\"@graph\":[{\"@type\":\"WebPage\",\"@id\":\"https:\/\/neu.bo-fuerstenwalde.de\/index.php\/foerderverein\/\",\"url\":\"https:\/\/neu.bo-fuerstenwalde.de\/index.php\/foerderverein\/\",\"name\":\"F\u00f6rderverein - 1. BGBMK\",\"isPartOf\":{\"@id\":\"https:\/\/neu.bo-fuerstenwalde.de\/#website\"},\"datePublished\":\"2026-02-22T11:49:28+00:00\",\"dateModified\":\"2026-02-22T11:49:29+00:00\",\"breadcrumb\":{\"@id\":\"https:\/\/neu.bo-fuerstenwalde.de\/index.php\/foerderverein\/#breadcrumb\"},\"inLanguage\":\"de\",\"potentialAction\":[{\"@type\":\"ReadAction\",\"target\":[\"https:\/\/neu.bo-fuerstenwalde.de\/index.php\/foerderverein\/\"]}]},{\"@type\":\"BreadcrumbList\",\"@id\":\"https:\/\/neu.bo-fuerstenwalde.de\/index.php\/foerderverein\/#breadcrumb\",\"itemListElement\":[{\"@type\":\"ListItem\",\"position\":1,\"name\":\"Start\",\"item\":\"https:\/\/neu.bo-fuerstenwalde.de\/\"},{\"@type\":\"ListItem\",\"position\":2,\"name\":\"F\u00f6rderverein\"}]},{\"@type\":\"WebSite\",\"@id\":\"https:\/\/neu.bo-fuerstenwalde.de\/#website\",\"url\":\"https:\/\/neu.bo-fuerstenwalde.de\/\",\"name\":\"1. BGBMK\",\"description\":\"\",\"potentialAction\":[{\"@type\":\"SearchAction\",\"target\":{\"@type\":\"EntryPoint\",\"urlTemplate\":\"https:\/\/neu.bo-fuerstenwalde.de\/?s={search_term_string}\"},\"query-input\":{\"@type\":\"PropertyValueSpecification\",\"valueRequired\":true,\"valueName\":\"search_term_string\"}}],\"inLanguage\":\"de\"}]}<\/script>\n<!-- \/ Yoast SEO plugin. -->","yoast_head_json":{"title":"F\u00f6rderverein - 1. BGBMK","robots":{"index":"index","follow":"follow","max-snippet":"max-snippet:-1","max-image-preview":"max-image-preview:large","max-video-preview":"max-video-preview:-1"},"canonical":"https:\/\/neu.bo-fuerstenwalde.de\/index.php\/foerderverein\/","og_locale":"de_DE","og_type":"article","og_title":"F\u00f6rderverein - 1. BGBMK","og_description":"Unser F\u00f6rderverein&nbsp; F\u00f6rderverein I. Brandenburgisches Garde-Blasmusikkorps F\u00fcrstenwalde e.V. Unser F\u00f6rderverein widmet sich gemeinn\u00fctzig folgenden Aufgaben: Anschrift: F\u00f6rderverein I. Brandenburgisches Garde-Blasmusikkorps F\u00fcrstenwalde e.V.Fiete-Schulze-Str. 515517 F\u00fcrstenwalde (Spree) Email:&nbsp;bg-bmk.org@gmx.de Bankverbindung: Sparkasse Oder-Spree&nbsp;Konto-Nr.:&nbsp; 37 10 52 97 69BLZ:&nbsp;&nbsp;&nbsp;&nbsp;&nbsp;&nbsp;&nbsp; &nbsp; 170 550 50&nbsp;IBAN: &nbsp; &nbsp; &nbsp;&nbsp; DE53 1705 5050 3710 5297 69&nbsp;BIC:&nbsp;&nbsp;&nbsp;&nbsp;&nbsp;&nbsp;&nbsp;&nbsp;&nbsp; WELADED1 LOS Unser F\u00f6rderverein freut sich \u00fcber jede [&hellip;]","og_url":"https:\/\/neu.bo-fuerstenwalde.de\/index.php\/foerderverein\/","og_site_name":"1. BGBMK","article_modified_time":"2026-02-22T11:49:29+00:00","twitter_card":"summary_large_image","twitter_misc":{"Gesch\u00e4tzte Lesezeit":"1\u00a0Minute"},"schema":{"@context":"https:\/\/schema.org","@graph":[{"@type":"WebPage","@id":"https:\/\/neu.bo-fuerstenwalde.de\/index.php\/foerderverein\/","url":"https:\/\/neu.bo-fuerstenwalde.de\/index.php\/foerderverein\/","name":"F\u00f6rderverein - 1. BGBMK","isPartOf":{"@id":"https:\/\/neu.bo-fuerstenwalde.de\/#website"},"datePublished":"2026-02-22T11:49:28+00:00","dateModified":"2026-02-22T11:49:29+00:00","breadcrumb":{"@id":"https:\/\/neu.bo-fuerstenwalde.de\/index.php\/foerderverein\/#breadcrumb"},"inLanguage":"de","potentialAction":[{"@type":"ReadAction","target":["https:\/\/neu.bo-fuerstenwalde.de\/index.php\/foerderverein\/"]}]},{"@type":"BreadcrumbList","@id":"https:\/\/neu.bo-fuerstenwalde.de\/index.php\/foerderverein\/#breadcrumb","itemListElement":[{"@type":"ListItem","position":1,"name":"Start","item":"https:\/\/neu.bo-fuerstenwalde.de\/"},{"@type":"ListItem","position":2,"name":"F\u00f6rderverein"}]},{"@type":"WebSite","@id":"https:\/\/neu.bo-fuerstenwalde.de\/#website","url":"https:\/\/neu.bo-fuerstenwalde.de\/","name":"1. BGBMK","description":"","potentialAction":[{"@type":"SearchAction","target":{"@type":"EntryPoint","urlTemplate":"https:\/\/neu.bo-fuerstenwalde.de\/?s={search_term_string}"},"query-input":{"@type":"PropertyValueSpecification","valueRequired":true,"valueName":"search_term_string"}}],"inLanguage":"de"}]}},"jetpack_sharing_enabled":true,"_links":{"self":[{"href":"https:\/\/neu.bo-fuerstenwalde.de\/index.php\/wp-json\/wp\/v2\/pages\/41","targetHints":{"allow":["GET"]}}],"collection":[{"href":"https:\/\/neu.bo-fuerstenwalde.de\/index.php\/wp-json\/wp\/v2\/pages"}],"about":[{"href":"https:\/\/neu.bo-fuerstenwalde.de\/index.php\/wp-json\/wp\/v2\/types\/page"}],"author":[{"embeddable":true,"href":"https:\/\/neu.bo-fuerstenwalde.de\/index.php\/wp-json\/wp\/v2\/users\/1"}],"replies":[{"embeddable":true,"href":"https:\/\/neu.bo-fuerstenwalde.de\/index.php\/wp-json\/wp\/v2\/comments?post=41"}],"version-history":[{"count":1,"href":"https:\/\/neu.bo-fuerstenwalde.de\/index.php\/wp-json\/wp\/v2\/pages\/41\/revisions"}],"predecessor-version":[{"id":42,"href":"https:\/\/neu.bo-fuerstenwalde.de\/index.php\/wp-json\/wp\/v2\/pages\/41\/revisions\/42"}],"wp:attachment":[{"href":"https:\/\/neu.bo-fuerstenwalde.de\/index.php\/wp-json\/wp\/v2\/media?parent=41"}],"curies":[{"name":"wp","href":"https:\/\/api.w.org\/{rel}","templated":true}]}}